
   








{"id":24,"date":"2015-12-11T18:51:43","date_gmt":"2015-12-11T18:51:43","guid":{"rendered":"http:\/\/wp1.themexlab.com\/wp\/carshire\/?page_id=24"},"modified":"2025-01-27T19:55:46","modified_gmt":"2025-01-27T18:55:46","slug":"home-style-two","status":"publish","type":"page","link":"https:\/\/lackiererei-koch.de\/","title":{"rendered":"Home"},"content":{"rendered":"<div class=\"wpb-content-wrapper\"><p>[vc_row][vc_column][\/vc_column][\/vc_row][vc_row container=&#8220;1&#8243;][vc_column][vc_separator][\/vc_column][\/vc_row][vc_row container=&#8220;1&#8243;][vc_column][rev_slider_vc alias=&#8220;home&#8220; el_class=&#8220;main-slider&#8220;][\/vc_column][\/vc_row][vc_row container=&#8220;1&#8243;][vc_column][\/vc_column][\/vc_row][vc_row][vc_column]   \r\n\r\n<!--Tabs Section-->\r\n\r\n<section class=\"tabs-section\">\r\n\r\n<div class=\"auto-container\">\r\n\r\n\t<div class=\"row\">\r\n\r\n\t\t\r\n\r\n\t\t<div class=\"tabs-box clearfix\">\r\n\r\n\t\t\t\r\n\r\n\t\t\t<!--Buttons Side-->\r\n\r\n\t\t\t<div class=\"col-md-4 col-sm-6 col-xs-12 buttons-side\">\r\n\r\n\t\t\t\t\r\n\r\n\t\t\t\t<div class=\"sec-title\">\r\n\r\n\t\t\t\t\t<h3>Unsere Leistungen<\/h3>\r\n\r\n\t\t\t\t<\/div>\r\n\r\n\t\t\t\t<!--Tab Buttons-->\r\n\r\n\t\t\t\t<ul class=\"tab-buttons\">\r\n\r\n\t\t\t\t\t\r\n\t\t\t\t\t\t<li class=\"wow fadeInUp\" data-wow-delay=\"0ms\" data-wow-duration=\"1000ms\"><a href=\"#service511\" class=\"tab-btn clearfix active-btn\"><div class=\"icon\"><span class=\"flaticon-zoom70\"><\/span><\/div><h4>Beratung<\/h4><p>Rund um Ihr Fahrzeug<\/p><\/a><\/li>\r\n\t\t\t\t\t\r\n\t\t\t\t\t\t<li class=\"wow fadeInUp\" data-wow-delay=\"0ms\" data-wow-duration=\"1000ms\"><a href=\"#service508\" class=\"tab-btn clearfix \"><div class=\"icon\"><span class=\"flaticon-car10\"><\/span><\/div><h4>Karosseriearbeiten<\/h4><p>Gegen den Wertverlust Ihres Autos<\/p><\/a><\/li>\r\n\t\t\t\t\t\r\n\t\t\t\t\t\t<li class=\"wow fadeInUp\" data-wow-delay=\"0ms\" data-wow-duration=\"1000ms\"><a href=\"#service138\" class=\"tab-btn clearfix \"><div class=\"icon\"><span class=\"flaticon-transport100\"><\/span><\/div><h4>Fahrzeuglackierung<\/h4><p>In allen Formen<\/p><\/a><\/li>\r\n\t\t\t\t\t\r\n\t\t\t\t\t\t<li class=\"wow fadeInUp\" data-wow-delay=\"0ms\" data-wow-duration=\"1000ms\"><a href=\"#service137\" class=\"tab-btn clearfix \"><div class=\"icon\"><span class=\"flaticon-car225\"><\/span><\/div><h4>Fahrzeugaufbereitung<\/h4><p>Sch\u00e4den am Fahrzeug? <\/p><\/a><\/li>\r\n\t\t\t\t\t\r\n\t\t\t\t\t\t<li class=\"wow fadeInUp\" data-wow-delay=\"0ms\" data-wow-duration=\"1000ms\"><a href=\"#service136\" class=\"tab-btn clearfix \"><div class=\"icon\"><span class=\"flaticon-auto3\"><\/span><\/div><h4>Smart Repair<\/h4><p>Kosteng\u00fcnstige Reparatur <\/p><\/a><\/li>\r\n\t\t\t\t\t\r\n\t\t\t\t\t\t<li class=\"wow fadeInUp\" data-wow-delay=\"0ms\" data-wow-duration=\"1000ms\"><a href=\"#service135\" class=\"tab-btn clearfix \"><div class=\"icon\"><span class=\"flaticon-automobile1\"><\/span><\/div><h4>Mietwagen<\/h4><p>Schnell und einfach<\/p><\/a><\/li>\r\n\t\t\t\t\t\r\n\t\t\t\t<\/ul>\r\n\r\n\t\t\t<\/div>\r\n\r\n\t\t\t\r\n\r\n\t\t\t<!--Content Side-->\r\n\r\n\t\t\t<div class=\"col-md-8 col-sm-6 col-xs-12 tabs-content clearfix\">\r\n\r\n\t\t\t\t\r\n\r\n\t\t\t\t\r\n\t\t\t\t\t<div class=\"tab active-tab\" id=\"service511\">\r\n\r\n\t\t\t\t\t\t\t\t\t\t<div class=\"tab-title\">\r\n\r\n\t\t\t\t\t\t\t\t\t\t\t<h2>Beratung<\/h2>\r\n\r\n\t\t\t\t\t\t\t\t\t\t\t<h3>Rund um Ihr Fahrzeug<\/h3>\r\n\r\n\t\t\t\t\t\t\t\t\t\t<\/div>\r\n\r\n\t\t\t\t\t\t\t\t\t\tRund um Ihre Werkstadtleistungen steht Ihnen mit uns ein professioneller Partner zur Verf\u00fcgung. Wir helfen Ihnen bei allen Schwierigkeiten und W\u00fcnschen weiter und erstellen Ihnen einen geeigneten Kostenvoranschlag.\r\n\r\n<img loading=\"lazy\" decoding=\"async\" class=\"size-full wp-image-764 alignright\" src=\"http:\/\/lackiererei-koch.de\/wp-content\/uploads\/2019\/07\/3jahre_03-large.jpg\" alt=\"\" width=\"200\" height=\"201\" srcset=\"https:\/\/lackiererei-koch.de\/wp-content\/uploads\/2019\/07\/3jahre_03-large.jpg 200w, https:\/\/lackiererei-koch.de\/wp-content\/uploads\/2019\/07\/3jahre_03-large-100x100.jpg 100w, https:\/\/lackiererei-koch.de\/wp-content\/uploads\/2019\/07\/3jahre_03-large-150x150.jpg 150w, https:\/\/lackiererei-koch.de\/wp-content\/uploads\/2019\/07\/3jahre_03-large-80x80.jpg 80w\" sizes=\"auto, (max-width: 200px) 100vw, 200px\" \/>\r\n\r\n<br>\r\n\r\n<br>\r\n\r\n<em><strong><a href=\"https:\/?page_id=661\">hier weiterlesen<\/a><\/strong><\/em>\r\n\r\n\t\t\t\t\t\t\t\t\t<\/div>\r\n\t\t\t\t\r\n\t\t\t\t\t<div class=\"tab \" id=\"service508\">\r\n\r\n\t\t\t\t\t\t\t\t\t\t<div class=\"tab-title\">\r\n\r\n\t\t\t\t\t\t\t\t\t\t\t<h2>Karosseriearbeiten<\/h2>\r\n\r\n\t\t\t\t\t\t\t\t\t\t\t<h3>Gegen den Wertverlust Ihres Autos<\/h3>\r\n\r\n\t\t\t\t\t\t\t\t\t\t<\/div>\r\n\r\n\t\t\t\t\t\t\t\t\t\tKarosserieinstandsetzung jeglicher Art, egal ob Blechteilanfertigung, ausbeulen, verzinnen oder neu Schwei\u00dfen von Schadstellen.\r\n\r\nWir bieten ihnen Modernste Reparaturtechniken dadurch k\u00f6nnen wir jeden Karosserieschaden nachhaltig beheben.\r\n<br>\r\n<\/br>\r\n<div class=\"row list clearfix\">\r\n<ul class=\"col-md-6 col-sm-12 col-xs-12\">\r\n \t<li>Unfallinstandsetzung<\/li>\r\n \t<li>Karosseriearbeiten<\/li>\r\n \t<li>Karosserieumbauten<\/li>\r\n \t<li>Schwei\u00dfarbeiten<\/li>\r\n<\/ul>\r\n<\/li>\r\n<\/ul>\r\n<ul class=\"col-md-6 col-sm-12 col-xs-12\">\r\n \t<li>Elektronische Achsvermessung<\/li>\r\n \t<li>Autoverglasungen<\/li>\r\n \t<li>Steinschlag-Reparatur<\/li>\r\n \t<li>Restaurationen<\/li>\r\n<\/ul>\r\n<\/div>\r\n<em><strong><a href=\"\/?page_id=661\">mehr erfahren<\/a><\/strong><\/em>\r\n\r\n\t\t\t\t\t\t\t\t\t<\/div>\r\n\t\t\t\t\r\n\t\t\t\t\t<div class=\"tab \" id=\"service138\">\r\n\r\n\t\t\t\t\t\t\t\t\t\t<div class=\"tab-title\">\r\n\r\n\t\t\t\t\t\t\t\t\t\t\t<h2>Fahrzeuglackierung<\/h2>\r\n\r\n\t\t\t\t\t\t\t\t\t\t\t<h3>In allen Formen<\/h3>\r\n\r\n\t\t\t\t\t\t\t\t\t\t<\/div>\r\n\r\n\t\t\t\t\t\t\t\t\t\tMit vielf\u00e4ltigen Leistungen und modernen Strukturen sorgen wir f\u00fcr eine umfassende Lackierung Ihres Fahrzeugs, sodass dieses exakt Ihren Vorstellungen entspricht. Von der Ganzlackierung bis hin zum\r\nAusbessern minimaler Dellen unterst\u00fctzen wir Sie bei allen anstehenden Aufgaben und arbeiten an einer schnellen und kosteng\u00fcnstigen L\u00f6sung.\r\n\r\n<br>\r\n&nbsp;\r\n<div class=\"row list clearfix\">\r\n<ul class=\"col-md-6 col-sm-12 col-xs-12\">\r\n \t<li>Ganzlackierung<\/li>\r\n \t<li>Teillackierung<\/li>\r\n \t<li>Beilackierung<\/li>\r\n \t<li>Neuteillackierung<\/li>\r\n<\/ul>\r\n<ul class=\"col-md-6 col-sm-12 col-xs-12\">\r\n \t<li>Smart und Spotreparaturen<\/li>\r\n \t<li>Parkdellen dr\u00fccken<\/li>\r\n \t<li>Unfall Instandsetzung<\/li>\r\n \t<li>Unfalllackierung<\/li>\r\n<\/ul>\r\n<\/div>\r\n\r\n<br>\r\n<em><strong><a href=\"\/?page_id=670\">hier weiterlesen<\/a><\/strong><\/em>\r\n\r\n\r\n\t\t\t\t\t\t\t\t\t<\/div>\r\n\t\t\t\t\r\n\t\t\t\t\t<div class=\"tab \" id=\"service137\">\r\n\r\n\t\t\t\t\t\t\t\t\t\t<div class=\"tab-title\">\r\n\r\n\t\t\t\t\t\t\t\t\t\t\t<h2>Fahrzeugaufbereitung<\/h2>\r\n\r\n\t\t\t\t\t\t\t\t\t\t\t<h3>Sch\u00e4den am Fahrzeug? <\/h3>\r\n\r\n\t\t\t\t\t\t\t\t\t\t<\/div>\r\n\r\n\t\t\t\t\t\t\t\t\t\t<div class=\"text\">Sie m\u00f6chten, das ihr Fahrzeug wieder in einem Glanz wie neu erstrahlt? Ihr Leasing-Vertrag l\u00e4uft bald aus und Sie haben kleine Sch\u00e4den am Fahrzeug? Sie m\u00f6chten durch eine Aufbereitung den Wert ihres Fahrzeugs steigern. Dann sind Sie bei uns richtig.<\/div>\r\n\r\n<a href=\"\/?page_id=676\"><em><strong>mehr erfahren<\/strong><\/em><\/a>\r\n\r\n\t\t\t\t\t\t\t\t\t<\/div>\r\n\t\t\t\t\r\n\t\t\t\t\t<div class=\"tab \" id=\"service136\">\r\n\r\n\t\t\t\t\t\t\t\t\t\t<div class=\"tab-title\">\r\n\r\n\t\t\t\t\t\t\t\t\t\t\t<h2>Smart Repair<\/h2>\r\n\r\n\t\t\t\t\t\t\t\t\t\t\t<h3>Kosteng\u00fcnstige Reparatur <\/h3>\r\n\r\n\t\t\t\t\t\t\t\t\t\t<\/div>\r\n\r\n\t\t\t\t\t\t\t\t\t\tBesonders nach kleinen Unf\u00e4llen ist eine schnelle Reparatur mit uns in der Regel problemlos durchf\u00fchrbar. Smart Repair bietet Ihnen somit eine kosteng\u00fcnstige Methode, um kleinere Probleme wie Einparkunf\u00e4lle oder Lackkratzer in kurzer Zeit zu beheben\r\n\r\n<br>\r\n<br>\r\n<em><strong><a href=\"\/?page_id=672\">hier weiterlesen<\/a><\/strong><\/em>\r\n\r\n\t\t\t\t\t\t\t\t\t<\/div>\r\n\t\t\t\t\r\n\t\t\t\t\t<div class=\"tab \" id=\"service135\">\r\n\r\n\t\t\t\t\t\t\t\t\t\t<div class=\"tab-title\">\r\n\r\n\t\t\t\t\t\t\t\t\t\t\t<h2>Mietwagen<\/h2>\r\n\r\n\t\t\t\t\t\t\t\t\t\t\t<h3>Schnell und einfach<\/h3>\r\n\r\n\t\t\t\t\t\t\t\t\t\t<\/div>\r\n\r\n\t\t\t\t\t\t\t\t\t\tSollten Sie mal schnell ein Fahrzeug ben\u00f6tigen, unterst\u00fctzen wir Sie schnell und zuverl\u00e4ssig. Auf Wunsch erhalten Sie bei uns f\u00fcr alle anstehenden Reparaturen ein Ersatzfahrzeug, um f\u00fcr private und berufliche Strecken auch weiterhin mobil bleiben zu k\u00f6nnen\r\n\r\n<br>\r\n<br>\r\n<em><strong><a href=\"\/?page_id=673\">hier weiterlesen<\/a><\/strong><\/em>\r\n\r\n\t\t\t\t\t\t\t\t\t<\/div>\r\n\t\t\t\t\r\n\t\t\t\t\r\n\r\n\t\t\t<\/div>\r\n\r\n\t\t\t\r\n\r\n\t\t<\/div>\r\n\r\n\t\t\r\n\r\n\t<\/div>\r\n\r\n<\/div>\r\n\r\n<\/section>\r\n\r\n\r\n\r\n[\/vc_column][\/vc_row][vc_row][vc_column]   \n   \n <!--Featured Services-->\n    <section class=\"featured-services column-view\">\n\t\t<div class=\"auto-container\">\n            \n            <div class=\"sec-title\">\n                <h3>Unser Service<\/h3>\n            <\/div>\n                        \n        \t<div class=\"row clearfix\">\n            \t\n                                \n                <article class=\"col-md-3 col-sm-6 col-xs-12 column-box wow fadeInRight\" data-wow-delay=\"0ms\" data-wow-duration=\"1000ms\">\n                \t<div class=\"inner-box\">\n                    \t<figure class=\"image\">\n                        \t<a href=\"\/?page_id=671\"><img loading=\"lazy\" decoding=\"async\" width=\"268\" height=\"167\" src=\"https:\/\/lackiererei-koch.de\/wp-content\/uploads\/2019\/07\/iStock-918153446-268x167.gif\" class=\"attachment-carshire6 size-carshire6 wp-post-image\" alt=\"\" srcset=\"https:\/\/lackiererei-koch.de\/wp-content\/uploads\/2019\/07\/iStock-918153446-268x167.gif 268w, https:\/\/lackiererei-koch.de\/wp-content\/uploads\/2019\/07\/iStock-918153446-369x230.gif 369w\" sizes=\"auto, (max-width: 268px) 100vw, 268px\" \/><\/a>\n                            <figcaption class=\"price\"><sup>Karosseriearbeiten<\/sup><\/figcaption>\n                        <\/figure>\n                        <div class=\"post-content clearfix\">\n                        \t<h3 class=\"skew-lines\">Karosserie<\/h3>\n                            <div class=\"text-center\"><a href=\"\/?page_id=671\" class=\"theme-btn btn-style-one\"><span class=\"fa fa-angle-right\"><\/span> MEHR ERFAHREN<\/a><\/div>\n                        <\/div>\n                        \n                        <div class=\"overlay-box\">\n                        \t<h3 class=\"skew-lines\">Karosseriearbeiten<\/h3>\n                            <div class=\"text\">\n                            \t<p>Erfahren sie mehr \u00fcber unsere Karosseriearbeiten<\/p>\n                                \n                                <a href=\"\/?page_id=671\" class=\"theme-btn dark-btn style-two\"><span class=\"fa fa-angle-right\"><\/span> MEHR ERFAHREN<\/a>\n                            <\/div>\n                        <\/div>\n                        \n                    <\/div>\n                <\/article>\n                \n                                \n                <article class=\"col-md-3 col-sm-6 col-xs-12 column-box wow fadeInRight\" data-wow-delay=\"0ms\" data-wow-duration=\"1000ms\">\n                \t<div class=\"inner-box\">\n                    \t<figure class=\"image\">\n                        \t<a href=\"\/?page_id=676\"><img loading=\"lazy\" decoding=\"async\" width=\"268\" height=\"167\" src=\"https:\/\/lackiererei-koch.de\/wp-content\/uploads\/2019\/07\/iStock-923075348-268x167.gif\" class=\"attachment-carshire6 size-carshire6 wp-post-image\" alt=\"\" srcset=\"https:\/\/lackiererei-koch.de\/wp-content\/uploads\/2019\/07\/iStock-923075348-268x167.gif 268w, https:\/\/lackiererei-koch.de\/wp-content\/uploads\/2019\/07\/iStock-923075348-369x230.gif 369w\" sizes=\"auto, (max-width: 268px) 100vw, 268px\" \/><\/a>\n                            <figcaption class=\"price\"><sup>Fahrzeugaufbereitung<\/sup><\/figcaption>\n                        <\/figure>\n                        <div class=\"post-content clearfix\">\n                        \t<h3 class=\"skew-lines\">Aufbereitung<\/h3>\n                            <div class=\"text-center\"><a href=\"\/?page_id=676\" class=\"theme-btn btn-style-one\"><span class=\"fa fa-angle-right\"><\/span> MEHR ERFAHREN<\/a><\/div>\n                        <\/div>\n                        \n                        <div class=\"overlay-box\">\n                        \t<h3 class=\"skew-lines\">Fahrzeugaufbereitung<\/h3>\n                            <div class=\"text\">\n                            \t<p>Erfahren sie mehr \u00fcber unsere Fahrzeugaufbereitung<\/p>\n                                \n                                <a href=\"\/?page_id=676\" class=\"theme-btn dark-btn style-two\"><span class=\"fa fa-angle-right\"><\/span> MEHR ERFAHREN<\/a>\n                            <\/div>\n                        <\/div>\n                        \n                    <\/div>\n                <\/article>\n                \n                                \n                <article class=\"col-md-3 col-sm-6 col-xs-12 column-box wow fadeInRight\" data-wow-delay=\"0ms\" data-wow-duration=\"1000ms\">\n                \t<div class=\"inner-box\">\n                    \t<figure class=\"image\">\n                        \t<a href=\"\/?page_id=670\"><img loading=\"lazy\" decoding=\"async\" width=\"268\" height=\"167\" src=\"https:\/\/lackiererei-koch.de\/wp-content\/uploads\/2015\/12\/iStock-500235979-268x167.gif\" class=\"attachment-carshire6 size-carshire6 wp-post-image\" alt=\"\" srcset=\"https:\/\/lackiererei-koch.de\/wp-content\/uploads\/2015\/12\/iStock-500235979-268x167.gif 268w, https:\/\/lackiererei-koch.de\/wp-content\/uploads\/2015\/12\/iStock-500235979-369x230.gif 369w\" sizes=\"auto, (max-width: 268px) 100vw, 268px\" \/><\/a>\n                            <figcaption class=\"price\"><sup>Fahrzeuglackierung<\/sup><\/figcaption>\n                        <\/figure>\n                        <div class=\"post-content clearfix\">\n                        \t<h3 class=\"skew-lines\">Lackierung<\/h3>\n                            <div class=\"text-center\"><a href=\"\/?page_id=670\" class=\"theme-btn btn-style-one\"><span class=\"fa fa-angle-right\"><\/span> MEHR ERFAHREN<\/a><\/div>\n                        <\/div>\n                        \n                        <div class=\"overlay-box\">\n                        \t<h3 class=\"skew-lines\">Fahrzeuglackierung<\/h3>\n                            <div class=\"text\">\n                            \t<p>Erfahren sie mehr \u00fcber unsere Fahrzeuglackierung<\/p>\n                                \n                                <a href=\"\/?page_id=670\" class=\"theme-btn dark-btn style-two\"><span class=\"fa fa-angle-right\"><\/span> MEHR ERFAHREN<\/a>\n                            <\/div>\n                        <\/div>\n                        \n                    <\/div>\n                <\/article>\n                \n                                \n                <article class=\"col-md-3 col-sm-6 col-xs-12 column-box wow fadeInRight\" data-wow-delay=\"0ms\" data-wow-duration=\"1000ms\">\n                \t<div class=\"inner-box\">\n                    \t<figure class=\"image\">\n                        \t<a href=\"\/?page_id=661\"><img loading=\"lazy\" decoding=\"async\" width=\"268\" height=\"167\" src=\"https:\/\/lackiererei-koch.de\/wp-content\/uploads\/2015\/12\/iStock-451630247-268x167.gif\" class=\"attachment-carshire6 size-carshire6 wp-post-image\" alt=\"\" srcset=\"https:\/\/lackiererei-koch.de\/wp-content\/uploads\/2015\/12\/iStock-451630247-268x167.gif 268w, https:\/\/lackiererei-koch.de\/wp-content\/uploads\/2015\/12\/iStock-451630247-369x230.gif 369w\" sizes=\"auto, (max-width: 268px) 100vw, 268px\" \/><\/a>\n                            <figcaption class=\"price\"><sup>Beratung<\/sup><\/figcaption>\n                        <\/figure>\n                        <div class=\"post-content clearfix\">\n                        \t<h3 class=\"skew-lines\">Beratung<\/h3>\n                            <div class=\"text-center\"><a href=\"\/?page_id=661\" class=\"theme-btn btn-style-one\"><span class=\"fa fa-angle-right\"><\/span> MEHR ERFAHREN<\/a><\/div>\n                        <\/div>\n                        \n                        <div class=\"overlay-box\">\n                        \t<h3 class=\"skew-lines\">Beratung<\/h3>\n                            <div class=\"text\">\n                            \t<p>Erfahren sie mehr \u00fcber unsere Fahrzeugaufbereitung<\/p>\n                                \n                                <a href=\"\/?page_id=661\" class=\"theme-btn dark-btn style-two\"><span class=\"fa fa-angle-right\"><\/span> MEHR ERFAHREN<\/a>\n                            <\/div>\n                        <\/div>\n                        \n                    <\/div>\n                <\/article>\n                \n                                \n                <article class=\"col-md-3 col-sm-6 col-xs-12 column-box wow fadeInRight\" data-wow-delay=\"0ms\" data-wow-duration=\"1000ms\">\n                \t<div class=\"inner-box\">\n                    \t<figure class=\"image\">\n                        \t<a href=\"\/?page_id=672\"><img loading=\"lazy\" decoding=\"async\" width=\"268\" height=\"167\" src=\"https:\/\/lackiererei-koch.de\/wp-content\/uploads\/2019\/07\/img_1337-268x167.jpg\" class=\"attachment-carshire6 size-carshire6 wp-post-image\" alt=\"\" srcset=\"https:\/\/lackiererei-koch.de\/wp-content\/uploads\/2019\/07\/img_1337-268x167.jpg 268w, https:\/\/lackiererei-koch.de\/wp-content\/uploads\/2019\/07\/img_1337-369x230.jpg 369w\" sizes=\"auto, (max-width: 268px) 100vw, 268px\" \/><\/a>\n                            <figcaption class=\"price\"><sup>Smart Repair<\/sup><\/figcaption>\n                        <\/figure>\n                        <div class=\"post-content clearfix\">\n                        \t<h3 class=\"skew-lines\">Smart Repair<\/h3>\n                            <div class=\"text-center\"><a href=\"\/?page_id=672\" class=\"theme-btn btn-style-one\"><span class=\"fa fa-angle-right\"><\/span> MEHR ERFAHREN<\/a><\/div>\n                        <\/div>\n                        \n                        <div class=\"overlay-box\">\n                        \t<h3 class=\"skew-lines\">Smart Repair<\/h3>\n                            <div class=\"text\">\n                            \t<p>Erfahren sie mehr \u00fcber unseren Smart Repair<\/p>\n                                \n                                <a href=\"\/?page_id=672\" class=\"theme-btn dark-btn style-two\"><span class=\"fa fa-angle-right\"><\/span> MEHR ERFAHREN<\/a>\n                            <\/div>\n                        <\/div>\n                        \n                    <\/div>\n                <\/article>\n                \n                                \n                <article class=\"col-md-3 col-sm-6 col-xs-12 column-box wow fadeInRight\" data-wow-delay=\"0ms\" data-wow-duration=\"1000ms\">\n                \t<div class=\"inner-box\">\n                    \t<figure class=\"image\">\n                        \t<a href=\"\/?page_id=673\"><img loading=\"lazy\" decoding=\"async\" width=\"268\" height=\"167\" src=\"https:\/\/lackiererei-koch.de\/wp-content\/uploads\/2015\/12\/iStock-873238268-268x167.gif\" class=\"attachment-carshire6 size-carshire6 wp-post-image\" alt=\"\" srcset=\"https:\/\/lackiererei-koch.de\/wp-content\/uploads\/2015\/12\/iStock-873238268-268x167.gif 268w, https:\/\/lackiererei-koch.de\/wp-content\/uploads\/2015\/12\/iStock-873238268-369x230.gif 369w\" sizes=\"auto, (max-width: 268px) 100vw, 268px\" \/><\/a>\n                            <figcaption class=\"price\"><sup>Mietwagen<\/sup><\/figcaption>\n                        <\/figure>\n                        <div class=\"post-content clearfix\">\n                        \t<h3 class=\"skew-lines\">Mietwagen<\/h3>\n                            <div class=\"text-center\"><a href=\"\/?page_id=673\" class=\"theme-btn btn-style-one\"><span class=\"fa fa-angle-right\"><\/span> MEHR ERFAHREN<\/a><\/div>\n                        <\/div>\n                        \n                        <div class=\"overlay-box\">\n                        \t<h3 class=\"skew-lines\">Mietwagen<\/h3>\n                            <div class=\"text\">\n                            \t<p>Erfahren sie mehr \u00fcber unsere Mietwagen<\/p>\n                                \n                                <a href=\"\/?page_id=673\" class=\"theme-btn dark-btn style-two\"><span class=\"fa fa-angle-right\"><\/span> MEHR ERFAHREN<\/a>\n                            <\/div>\n                        <\/div>\n                        \n                    <\/div>\n                <\/article>\n                \n                                \n            <\/div>\n            \n        <\/div>    \n    <\/section>\n[\/vc_column][\/vc_row][vc_row][vc_column][\/vc_column][\/vc_row][vc_row][vc_column]\r\n   \r\n\r\n\r\n\r\n\r\n[\/vc_column][\/vc_row][vc_row][vc_column][\/vc_column][\/vc_row]<\/p>\n<\/div>","protected":false},"excerpt":{"rendered":"<p>[vc_row][vc_column][\/vc_column][\/vc_row][vc_row container=&#8220;1&#8243;][vc_column][vc_separator][\/vc_column][\/vc_row][vc_row container=&#8220;1&#8243;][vc_column][rev_slider_vc alias=&#8220;home&#8220; el_class=&#8220;main-slider&#8220;][\/vc_column][\/vc_row][vc_row container=&#8220;1&#8243;][vc_column][\/vc_column][\/vc_row][vc_row][vc_column][\/vc_column][\/vc_row][vc_row][vc_column][\/vc_column][\/vc_row][vc_row][vc_column][\/vc_column][\/vc_row][vc_row][vc_column][\/vc_column][\/vc_row][vc_row][vc_column][\/vc_column][\/vc_row]<\/p>\n","protected":false},"author":1,"featured_media":0,"parent":0,"menu_order":0,"comment_status":"closed","ping_status":"closed","template":"tpl-visual_composer.php","meta":{"footnotes":""},"class_list":["post-24","page","type-page","status-publish","hentry"],"_links":{"self":[{"href":"https:\/\/lackiererei-koch.de\/index.php?rest_route=\/wp\/v2\/pages\/24","targetHints":{"allow":["GET"]}}],"collection":[{"href":"https:\/\/lackiererei-koch.de\/index.php?rest_route=\/wp\/v2\/pages"}],"about":[{"href":"https:\/\/lackiererei-koch.de\/index.php?rest_route=\/wp\/v2\/types\/page"}],"author":[{"embeddable":true,"href":"https:\/\/lackiererei-koch.de\/index.php?rest_route=\/wp\/v2\/users\/1"}],"replies":[{"embeddable":true,"href":"https:\/\/lackiererei-koch.de\/index.php?rest_route=%2Fwp%2Fv2%2Fcomments&post=24"}],"version-history":[{"count":20,"href":"https:\/\/lackiererei-koch.de\/index.php?rest_route=\/wp\/v2\/pages\/24\/revisions"}],"predecessor-version":[{"id":846,"href":"https:\/\/lackiererei-koch.de\/index.php?rest_route=\/wp\/v2\/pages\/24\/revisions\/846"}],"wp:attachment":[{"href":"https:\/\/lackiererei-koch.de\/index.php?rest_route=%2Fwp%2Fv2%2Fmedia&parent=24"}],"curies":[{"name":"wp","href":"https:\/\/api.w.org\/{rel}","templated":true}]}}