{"id":671,"date":"2019-08-10T10:34:08","date_gmt":"2019-08-10T08:34:08","guid":{"rendered":"http:\/\/wordpress.p513756.webspaceconfig.de\/?page_id=671"},"modified":"2025-03-17T08:56:05","modified_gmt":"2025-03-17T07:56:05","slug":"karosseriearbeiten-2","status":"publish","type":"page","link":"https:\/\/lackiererei-koch.de\/?page_id=671","title":{"rendered":"Karosseriearbeiten"},"content":{"rendered":"<div class=\"wpb-content-wrapper\"><p>[vc_row container=&#8220;1&#8243;][vc_column][vc_empty_space][vc_custom_heading text=&#8220;Der perfekte Service f\u00fcr Karosseriearbeiten&#8220; font_container=&#8220;tag:h1|text_align:center|color:%23F0F4F8&#8243; css=&#8220;.vc_custom_1738257795978{background-color: #1F5CB8 !important;}&#8220;][vc_empty_space][vc_column_text css=&#8220;&#8220;]<\/p>\n<h3 style=\"text-align: left;\"><span class=\"so-premium-web-font\" style=\"font-family: Castoro; color: #1f5cb8;\" data-web-font-module=\"google\" data-font-info=\"{&quot;font&quot;:&quot;Castoro&quot;,&quot;webfont&quot;:true,&quot;variant&quot;:null,&quot;module&quot;:&quot;google&quot;}\"><strong>Die Instandsetzung Ihrer Karosserie ist eine unserer Kernaufgaben, durch die wir Sie vor einem m\u00f6glichen Wertverlust des Fahrzeugs sch\u00fctzen. <\/strong><\/span><\/h3>\n<h4 style=\"text-align: left;\"><span class=\"so-premium-web-font\" style=\"font-family: Castoro;\" data-web-font-module=\"google\" data-font-info=\"{&quot;font&quot;:&quot;Castoro&quot;,&quot;webfont&quot;:true,&quot;variant&quot;:null,&quot;module&quot;:&quot;google&quot;}\"><strong>Auch Hierf\u00fcr k\u00fcmmern wir uns um das Ausbeulen sowie das Verzinnen und Schwei\u00dfen an der Karosserie.<br \/>\nAuch vollkommen neue Blechteilanfertigungen k\u00f6nnen wir auf diese Weise integrieren und mit einem umfassenden Reparaturangebot verbinden. Mit modernster Technik im Bereich der Reparaturen befindet sich auch Ihre Karosserie mit unserer Hilfe schnell wieder in einem guten Zustand, sodass Sie von nachhaltiger Qualit\u00e4t profitieren k\u00f6nnen..<\/strong><\/span><\/h4>\n<p>[\/vc_column_text][\/vc_column][\/vc_row][vc_row container=&#8220;1&#8243;][vc_column css=&#8220;.vc_custom_1742197274500{border-right-width: 1200px !important;}&#8220;]\n\t\t\t<!-- START Karosseriearbeiten REVOLUTION SLIDER 6.7.13 --><p class=\"rs-p-wp-fix\"><\/p>\n\t\t\t<rs-module-wrap id=\"rev_slider_7_1_wrapper\" data-source=\"gallery\" style=\"visibility:hidden;background:transparent;padding:0;margin:0px auto;margin-top:0;margin-bottom:0;\">\n\t\t\t\t<rs-module id=\"rev_slider_7_1\" style=\"\" data-version=\"6.7.13\">\n\t\t\t\t\t<rs-slides style=\"overflow: hidden; position: absolute;\">\n\t\t\t\t\t\t<rs-slide style=\"position: absolute;\" data-key=\"rs-62\" data-title=\"Slide\" data-in=\"o:0;\" data-out=\"a:false;\">\n\t\t\t\t\t\t\t<img decoding=\"async\" src=\"\/\/lackiererei-koch.de\/wp-content\/plugins\/revslider\/sr6\/assets\/assets\/dummy.png\" alt=\"Slide\" title=\"Karosseriearbeiten\" class=\"rev-slidebg tp-rs-img rs-lazyload\" data-lazyload=\"\/\/lackiererei-koch.de\/wp-content\/plugins\/revslider\/sr6\/assets\/assets\/transparent.png\" data-parallax=\"off\" data-no-retina>\n<!--\n\t\t\t\t\t\t\t--><rs-layer\n\t\t\t\t\t\t\t\tid=\"slider-7-slide-62-layer-1\" \n\t\t\t\t\t\t\t\tdata-type=\"image\"\n\t\t\t\t\t\t\t\tdata-rsp_ch=\"on\"\n\t\t\t\t\t\t\t\tdata-xy=\"xo:418px,418px,168px,-73px;yo:-282px,-282px,-113px,-8px;\"\n\t\t\t\t\t\t\t\tdata-text=\"w:normal;s:20,20,7,4;l:0,0,9,6;\"\n\t\t\t\t\t\t\t\tdata-dim=\"w:1163px,1163px,471px,613px;h:1744px,1744px,706px,409px;\"\n\t\t\t\t\t\t\t\tdata-frame_999=\"o:0;st:w;\"\n\t\t\t\t\t\t\t\tstyle=\"z-index:5;\"\n\t\t\t\t\t\t\t><img decoding=\"async\" src=\"\/\/lackiererei-koch.de\/wp-content\/plugins\/revslider\/sr6\/assets\/assets\/dummy.png\" alt=\"\" class=\"tp-rs-img rs-lazyload\" width=\"1707\" height=\"2560\" data-lazyload=\"\/\/lackiererei-koch.de\/wp-content\/uploads\/2025\/03\/A7404028jpg-scaled.jpg\" data-no-retina> \n\t\t\t\t\t\t\t<\/rs-layer><!--\n-->\t\t\t\t\t<\/rs-slide>\n\t\t\t\t\t\t<rs-slide style=\"position: absolute;\" data-key=\"rs-63\" data-title=\"Slide\" data-in=\"o:0;\" data-out=\"a:false;\">\n\t\t\t\t\t\t\t<img decoding=\"async\" src=\"\/\/lackiererei-koch.de\/wp-content\/plugins\/revslider\/sr6\/assets\/assets\/dummy.png\" alt=\"Slide\" title=\"Karosseriearbeiten\" class=\"rev-slidebg tp-rs-img rs-lazyload\" data-lazyload=\"\/\/lackiererei-koch.de\/wp-content\/plugins\/revslider\/sr6\/assets\/assets\/transparent.png\" data-parallax=\"off\" data-no-retina>\n<!--\n\t\t\t\t\t\t\t--><rs-layer\n\t\t\t\t\t\t\t\tid=\"slider-7-slide-63-layer-4\" \n\t\t\t\t\t\t\t\tdata-type=\"image\"\n\t\t\t\t\t\t\t\tdata-rsp_ch=\"on\"\n\t\t\t\t\t\t\t\tdata-xy=\"xo:434px,434px,175px,-5px;yo:-310px,-310px,-125px,-2px;\"\n\t\t\t\t\t\t\t\tdata-text=\"w:normal;s:20,20,7,4;l:0,0,9,6;\"\n\t\t\t\t\t\t\t\tdata-dim=\"w:1095px,1095px,443px,604px;h:1642px,1642px,664px,403px;\"\n\t\t\t\t\t\t\t\tdata-frame_999=\"o:0;st:w;\"\n\t\t\t\t\t\t\t\tstyle=\"z-index:5;\"\n\t\t\t\t\t\t\t><img decoding=\"async\" src=\"\/\/lackiererei-koch.de\/wp-content\/plugins\/revslider\/sr6\/assets\/assets\/dummy.png\" alt=\"\" class=\"tp-rs-img rs-lazyload\" width=\"1707\" height=\"2560\" data-lazyload=\"\/\/lackiererei-koch.de\/wp-content\/uploads\/2025\/03\/A7404054jpg-scaled.jpg\" data-no-retina> \n\t\t\t\t\t\t\t<\/rs-layer><!--\n-->\t\t\t\t\t<\/rs-slide>\n\t\t\t\t\t\t<rs-slide style=\"position: absolute;\" data-key=\"rs-61\" data-title=\"Slide\" data-in=\"o:0;\" data-out=\"a:false;\">\n\t\t\t\t\t\t\t<img decoding=\"async\" src=\"\/\/lackiererei-koch.de\/wp-content\/plugins\/revslider\/sr6\/assets\/assets\/dummy.png\" alt=\"Slide\" title=\"Karosseriearbeiten\" class=\"rev-slidebg tp-rs-img rs-lazyload\" data-lazyload=\"\/\/lackiererei-koch.de\/wp-content\/plugins\/revslider\/sr6\/assets\/assets\/transparent.png\" data-parallax=\"off\" data-no-retina>\n<!--\n\t\t\t\t\t\t\t--><rs-layer\n\t\t\t\t\t\t\t\tid=\"slider-7-slide-61-layer-2\" \n\t\t\t\t\t\t\t\tdata-type=\"image\"\n\t\t\t\t\t\t\t\tdata-rsp_ch=\"on\"\n\t\t\t\t\t\t\t\tdata-xy=\"xo:85px,85px,34px,-27px;yo:-77px,-77px,-31px,-1px;\"\n\t\t\t\t\t\t\t\tdata-text=\"w:normal;s:20,20,7,4;l:0,0,9,6;\"\n\t\t\t\t\t\t\t\tdata-dim=\"w:1726px,1726px,698px,598px;h:1151px,1151px,465px,399px;\"\n\t\t\t\t\t\t\t\tdata-frame_999=\"o:0;st:w;\"\n\t\t\t\t\t\t\t\tstyle=\"z-index:5;\"\n\t\t\t\t\t\t\t><img decoding=\"async\" src=\"\/\/lackiererei-koch.de\/wp-content\/plugins\/revslider\/sr6\/assets\/assets\/dummy.png\" alt=\"\" class=\"tp-rs-img rs-lazyload\" width=\"2560\" height=\"1707\" data-lazyload=\"\/\/lackiererei-koch.de\/wp-content\/uploads\/2025\/03\/A7404022jpg-scaled.jpg\" data-no-retina> \n\t\t\t\t\t\t\t<\/rs-layer><!--\n-->\t\t\t\t\t<\/rs-slide>\n\t\t\t\t\t\t<rs-slide style=\"position: absolute;\" data-key=\"rs-64\" data-title=\"Slide\" data-in=\"o:0;\" data-out=\"a:false;\">\n\t\t\t\t\t\t\t<img decoding=\"async\" src=\"\/\/lackiererei-koch.de\/wp-content\/plugins\/revslider\/sr6\/assets\/assets\/dummy.png\" alt=\"Slide\" title=\"Karosseriearbeiten\" class=\"rev-slidebg tp-rs-img rs-lazyload\" data-lazyload=\"\/\/lackiererei-koch.de\/wp-content\/plugins\/revslider\/sr6\/assets\/assets\/transparent.png\" data-parallax=\"off\" data-no-retina>\n<!--\n\t\t\t\t\t\t\t--><rs-layer\n\t\t\t\t\t\t\t\tid=\"slider-7-slide-64-layer-0\" \n\t\t\t\t\t\t\t\tdata-type=\"image\"\n\t\t\t\t\t\t\t\tdata-rsp_ch=\"on\"\n\t\t\t\t\t\t\t\tdata-xy=\"xo:197px,197px,79px,48px;yo:-85px,-85px,-34px,-20px;\"\n\t\t\t\t\t\t\t\tdata-text=\"w:normal;s:20,20,7,4;l:0,0,9,6;\"\n\t\t\t\t\t\t\t\tdata-dim=\"w:1601px,1601px,648px,399px;h:1201px,1201px,486px,299px;\"\n\t\t\t\t\t\t\t\tdata-frame_999=\"o:0;st:w;\"\n\t\t\t\t\t\t\t\tstyle=\"z-index:5;\"\n\t\t\t\t\t\t\t><img decoding=\"async\" src=\"\/\/lackiererei-koch.de\/wp-content\/plugins\/revslider\/sr6\/assets\/assets\/dummy.png\" alt=\"\" class=\"tp-rs-img rs-lazyload\" width=\"1600\" height=\"1200\" data-lazyload=\"\/\/lackiererei-koch.de\/wp-content\/uploads\/2019\/08\/IMG-20190603-WA0011.jpg\" data-no-retina> \n\t\t\t\t\t\t\t<\/rs-layer><!--\n-->\t\t\t\t\t<\/rs-slide>\n\t\t\t\t\t\t<rs-slide style=\"position: absolute;\" data-key=\"rs-65\" data-title=\"Slide\" data-in=\"o:0;\" data-out=\"a:false;\">\n\t\t\t\t\t\t\t<img decoding=\"async\" src=\"\/\/lackiererei-koch.de\/wp-content\/plugins\/revslider\/sr6\/assets\/assets\/dummy.png\" alt=\"Slide\" title=\"Karosseriearbeiten\" class=\"rev-slidebg tp-rs-img rs-lazyload\" data-lazyload=\"\/\/lackiererei-koch.de\/wp-content\/plugins\/revslider\/sr6\/assets\/assets\/transparent.png\" data-parallax=\"off\" data-no-retina>\n<!--\n\t\t\t\t\t\t\t--><rs-layer\n\t\t\t\t\t\t\t\tid=\"slider-7-slide-65-layer-3\" \n\t\t\t\t\t\t\t\tdata-type=\"image\"\n\t\t\t\t\t\t\t\tdata-rsp_ch=\"on\"\n\t\t\t\t\t\t\t\tdata-xy=\"xo:-1px,-1px,0,0;yo:-212px,-212px,-85px,-52px;\"\n\t\t\t\t\t\t\t\tdata-text=\"w:normal;s:20,20,7,4;l:0,0,9,6;\"\n\t\t\t\t\t\t\t\tdata-dim=\"w:1920px,1920px,778px,480px;h:1281px,1281px,518px,319px;\"\n\t\t\t\t\t\t\t\tdata-frame_999=\"o:0;st:w;\"\n\t\t\t\t\t\t\t\tstyle=\"z-index:5;\"\n\t\t\t\t\t\t\t><img decoding=\"async\" src=\"\/\/lackiererei-koch.de\/wp-content\/plugins\/revslider\/sr6\/assets\/assets\/dummy.png\" alt=\"\" class=\"tp-rs-img rs-lazyload\" width=\"1920\" height=\"1281\" data-lazyload=\"\/\/lackiererei-koch.de\/wp-content\/uploads\/2025\/01\/Bild4.jpg\" data-no-retina> \n\t\t\t\t\t\t\t<\/rs-layer><!--\n-->\t\t\t\t\t<\/rs-slide>\n\t\t\t\t\t<\/rs-slides>\n\t\t\t\t<\/rs-module>\n\t\t\t\t<script>\n\t\t\t\t\tsetREVStartSize({c: 'rev_slider_7_1',rl:[1240,1240,778,480],el:[1050,1050,500,399],gw:[1920,1920,778,480],gh:[1050,1050,500,400],type:'standard',justify:'',layout:'fullwidth',mh:\"0\"});if (window.RS_MODULES!==undefined && window.RS_MODULES.modules!==undefined && window.RS_MODULES.modules[\"revslider71\"]!==undefined) {window.RS_MODULES.modules[\"revslider71\"].once = false;window.revapi7 = undefined;if (window.RS_MODULES.checkMinimal!==undefined) window.RS_MODULES.checkMinimal()}\n\t\t\t\t<\/script>\n\t\t\t<\/rs-module-wrap>\n\t\t\t<!-- END REVOLUTION SLIDER -->\n[vc_empty_space][\/vc_column][\/vc_row]<\/p>\n<\/div>","protected":false},"excerpt":{"rendered":"<p>[vc_row container=&#8220;1&#8243;][vc_column][vc_empty_space][vc_custom_heading text=&#8220;Der perfekte Service f\u00fcr Karosseriearbeiten&#8220; font_container=&#8220;tag:h1|text_align:center|color:%23F0F4F8&#8243; css=&#8220;.vc_custom_1738257795978{background-color: #1F5CB8 !important;}&#8220;][vc_empty_space][vc_column_text css=&#8220;&#8220;] Die Instandsetzung Ihrer Karosserie ist eine unserer Kernaufgaben, durch die wir Sie vor einem m\u00f6glichen Wertverlust des Fahrzeugs sch\u00fctzen. Auch Hierf\u00fcr k\u00fcmmern wir uns um das Ausbeulen sowie das Verzinnen und Schwei\u00dfen an der Karosserie. Auch vollkommen neue Blechteilanfertigungen k\u00f6nnen wir auf diese<\/p>\n","protected":false},"author":1,"featured_media":0,"parent":0,"menu_order":0,"comment_status":"closed","ping_status":"closed","template":"tpl-visual_composer.php","meta":{"footnotes":""},"class_list":["post-671","page","type-page","status-publish","hentry"],"_links":{"self":[{"href":"https:\/\/lackiererei-koch.de\/index.php?rest_route=\/wp\/v2\/pages\/671","targetHints":{"allow":["GET"]}}],"collection":[{"href":"https:\/\/lackiererei-koch.de\/index.php?rest_route=\/wp\/v2\/pages"}],"about":[{"href":"https:\/\/lackiererei-koch.de\/index.php?rest_route=\/wp\/v2\/types\/page"}],"author":[{"embeddable":true,"href":"https:\/\/lackiererei-koch.de\/index.php?rest_route=\/wp\/v2\/users\/1"}],"replies":[{"embeddable":true,"href":"https:\/\/lackiererei-koch.de\/index.php?rest_route=%2Fwp%2Fv2%2Fcomments&post=671"}],"version-history":[{"count":28,"href":"https:\/\/lackiererei-koch.de\/index.php?rest_route=\/wp\/v2\/pages\/671\/revisions"}],"predecessor-version":[{"id":966,"href":"https:\/\/lackiererei-koch.de\/index.php?rest_route=\/wp\/v2\/pages\/671\/revisions\/966"}],"wp:attachment":[{"href":"https:\/\/lackiererei-koch.de\/index.php?rest_route=%2Fwp%2Fv2%2Fmedia&parent=671"}],"curies":[{"name":"wp","href":"https:\/\/api.w.org\/{rel}","templated":true}]}}